{"id":20233,"date":"2017-07-03T20:55:59","date_gmt":"2017-07-03T18:55:59","guid":{"rendered":"http:\/\/heisserhamster.de\/waermflasche\/?page_id=20233"},"modified":"2017-07-03T20:55:59","modified_gmt":"2017-07-03T18:55:59","slug":"weihnachtsgeschenke-fuer-senioren","status":"publish","type":"page","link":"https:\/\/heisserhamster.de\/waermflasche\/weihnachtsgeschenke-fuer-senioren\/","title":{"rendered":"Weihnachtsgeschenke f\u00fcr Senioren"},"content":{"rendered":"<h2 style=\"text-align: center;\">&#8230;mit Wellnesseffekt \ud83d\ude09<\/h2>\n<p style=\"text-align: center;\">\n<h3 style=\"text-align: center;\"><span style=\"color: #ff6600;\">&#8220;Was immer du auf Erden verschenkst, es wird dich in den Himmel begleiten&#8221; (unbekannt)<\/span><\/h3>\n<p style=\"text-align: center;\"><strong>\u00a0<a href=\"http:\/\/heisserhamster.de\/waermflasche\/wp-content\/uploads\/2016\/09\/Weihnachtsgeschenke-fuer-Senioren-pic1.png\"><img loading=\"lazy\" decoding=\"async\" class=\"alignnone wp-image-7163 size-full\" title=\"Deine individuelle W\u00e4rmflasche!\" src=\"http:\/\/heisserhamster.de\/waermflasche\/wp-content\/uploads\/2016\/09\/Weihnachtsgeschenke-fuer-Senioren-pic1.png\" alt=\"weihnachtsgeschenke-fuer-senioren-pic1\" width=\"600\" height=\"565\" \/><\/a><\/strong><\/p>\n<h4 style=\"text-align: center;\">Jedes Jahr zu Weihnachten wird das Fest der Liebe gefeiert. Menschen denken an Ihre N\u00e4chsten und m\u00f6chten gerne etwas Besonderes verschenken.<\/h4>\n<h4 style=\"text-align: center;\">Nicht immer f\u00e4llt es aber leicht sofort das Passende zu finden denn das Angebot ist gro\u00df und oft un\u00fcbersichtlich.<\/h4>\n<h4 style=\"text-align: center;\">Gerade in der Vorweihnachtszeit ist man leicht \u00fcberfordert mit dem \u00dcberangebot ein Geschenkm\u00f6glichkeiten.<\/h4>\n<p style=\"text-align: center;\">\n<h2 style=\"text-align: center;\">Individuelle Weihnachtsgeschenke f\u00fcr Senioren kommen besser !<\/h2>\n<h4 style=\"text-align: center;\">Oma und Opa sollen es kuschelig warm haben ! Ein individuelles Weihnachtsgeschenk mit Kuschelfaktor w\u00e4re doch super.<\/h4>\n<h4 style=\"text-align: center;\">Ein pers\u00f6nliches Weihnachtsgeschenk zu finden, ist mit viel Einf\u00fchlungsverm\u00f6gen und Aufmerksamkeit verbunden.<\/h4>\n<h4 style=\"text-align: center;\">Und macht dazu noch Spa\u00df.<\/h4>\n<h4 style=\"text-align: center;\">Die Freude des Empf\u00e4ngers wird riesig sein denn er sieht das Du Dir wirklich Gedanken gemacht hast um f\u00fcr Ihn etwas ganz pers\u00f6nliches zu gestalten.<\/h4>\n<p style=\"text-align: center;\">\n<p style=\"text-align: center;\"><a href=\"http:\/\/heisserhamster.de\/waermflasche\/wp-content\/uploads\/2016\/09\/Weihnachtsgeschenke-fuer-Senioren-pic3.jpg\"><img loading=\"lazy\" decoding=\"async\" class=\"alignnone wp-image-7165 size-medium\" title=\"Herzw\u00e4rmflaschen\" src=\"http:\/\/heisserhamster.de\/waermflasche\/wp-content\/uploads\/2016\/09\/Weihnachtsgeschenke-fuer-Senioren-pic3-201x300.jpg\" alt=\"weihnachtsgeschenke-fuer-senioren-pic3\" width=\"201\" height=\"300\" \/><\/a>\u00a0<a href=\"http:\/\/heisserhamster.de\/waermflasche\/wp-content\/uploads\/2016\/09\/Weihnachtsgeschenke-fuer-Senioren-pic4.jpg\"><img loading=\"lazy\" decoding=\"async\" class=\"alignnone wp-image-7166 size-medium\" title=\"tolle W\u00e4rmflaschen\" src=\"http:\/\/heisserhamster.de\/waermflasche\/wp-content\/uploads\/2016\/09\/Weihnachtsgeschenke-fuer-Senioren-pic4-210x300.jpg\" alt=\"weihnachtsgeschenke-fuer-senioren-pic4\" width=\"210\" height=\"300\" \/><\/a><a href=\"http:\/\/heisserhamster.de\/waermflasche\/wp-content\/uploads\/2016\/09\/Weihnachtsgeschenke-fuer-Senioren-pic5.jpg\"><img loading=\"lazy\" decoding=\"async\" class=\"alignnone wp-image-7167 size-medium\" title=\"Verpackung f\u00fcr W\u00e4rmflaschen\" src=\"http:\/\/heisserhamster.de\/waermflasche\/wp-content\/uploads\/2016\/09\/Weihnachtsgeschenke-fuer-Senioren-pic5-225x300.jpg\" alt=\"weihnachtsgeschenke-fuer-senioren-pic5\" width=\"225\" height=\"300\" \/><\/a><\/p>\n<h2 style=\"text-align: center;\">Wir von heisser hamster lieben die Individualit\u00e4t!<\/h2>\n<h4 style=\"text-align: center;\">Wir m\u00f6chten dass Du ein <strong>einzigartiges Weihnachtsgeschenk<\/strong> bekommst und wir helfen Dir dabei.<\/h4>\n<h4 style=\"text-align: center;\">Wir fertigen <strong>witzige W\u00e4rmflaschen<\/strong> die erst nach Bestellung speziell f\u00fcr Dich<\/h4>\n<h4 style=\"text-align: center;\">mit Deinem Motiv oder Deiner eigenen Idee <strong>individuell bestickt<\/strong> werden.<\/h4>\n<p style=\"text-align: center;\">\n<h2 style=\"text-align: center;\">Eine witzige und n\u00fctzliche Geschenkidee f\u00fcr alle !<\/h2>\n<h4 style=\"text-align: center;\">Jede W\u00e4rmflasche und deren Motiv wird von uns sorgf\u00e4ltig und in Handarbeit gefertigt.<\/h4>\n<h4 style=\"text-align: center;\">Keine gleicht der anderen und ist somit ein Unikat mit dem Du Deiner Oma oder Opa<\/h4>\n<h4 style=\"text-align: center;\">ein unvergleichliches Geschenk machen kannst.<\/h4>\n<p style=\"text-align: center;\">\n<p style=\"text-align: center;\"><a href=\"http:\/\/heisserhamster.de\/waermflasche\/wp-content\/uploads\/2016\/09\/Weihnachtsgeschenke-fuer-Senioren-pic8.jpg\"><img loading=\"lazy\" decoding=\"async\" class=\"alignnone wp-image-7170 size-medium\" title=\"lustige W\u00e4rmflaschen\" src=\"http:\/\/heisserhamster.de\/waermflasche\/wp-content\/uploads\/2016\/09\/Weihnachtsgeschenke-fuer-Senioren-pic8-300x300.jpg\" alt=\"weihnachtsgeschenke-fuer-senioren-pic8\" width=\"300\" height=\"300\" \/><\/a><a href=\"http:\/\/heisserhamster.de\/waermflasche\/wp-content\/uploads\/2016\/09\/Weihnachtsgeschenke-fuer-Senioren-pic7.jpg\"><img loading=\"lazy\" decoding=\"async\" class=\"alignnone wp-image-7169 size-medium\" title=\"witzige W\u00e4rmflaschen\" src=\"http:\/\/heisserhamster.de\/waermflasche\/wp-content\/uploads\/2016\/09\/Weihnachtsgeschenke-fuer-Senioren-pic7-300x300.jpg\" alt=\"weihnachtsgeschenke-fuer-senioren-pic7\" width=\"300\" height=\"300\" \/><\/a><a href=\"http:\/\/heisserhamster.de\/waermflasche\/wp-content\/uploads\/2016\/09\/Weihnachtsgeschenke-fuer-Senioren-pic6.jpg\"><img loading=\"lazy\" decoding=\"async\" class=\"alignnone wp-image-7168 size-medium\" title=\"individuelle W\u00e4rmflaschen\" src=\"http:\/\/heisserhamster.de\/waermflasche\/wp-content\/uploads\/2016\/09\/Weihnachtsgeschenke-fuer-Senioren-pic6-254x300.jpg\" alt=\"weihnachtsgeschenke-fuer-senioren-pic6\" width=\"254\" height=\"300\" \/><\/a><\/p>\n<p style=\"text-align: center;\">\n<h2 style=\"text-align: center;\">Deine <a href=\"http:\/\/de.wikipedia.org\/wiki\/W%C3%A4rmflasche\">W\u00e4rmflasche<\/a> selbst gestalten<\/h2>\n<h4 style=\"text-align: center;\">Sei kreativ ! und gestalte Dir Deine\u00a0<strong>individuelle W\u00e4rmflasche<\/strong> mit unserem neuen<\/h4>\n<h4 style=\"text-align: center;\"><strong><a href=\"http:\/\/heisserhamster.de\/waermflasche\/individuelle-waermflaschen\/\">W\u00e4rmflaschen \u2013 Designer<\/a><\/strong> oder w\u00e4hle eine unserer vielen lustigen W\u00e4rmflaschen im <strong><a href=\"http:\/\/heisserhamster.de\/witzige-waermflaschen\/\">Shop<\/a><\/strong>.<\/h4>\n<h4 style=\"text-align: center;\">In ganz einfachen Schritten kannst Du Deine pers\u00f6nliche W\u00e4rmflasche <strong>selbst gestalten<\/strong> und<\/h4>\n<h4 style=\"text-align: center;\">zuschauen wie aus Deiner Idee ein tolles Unikat wird.<\/h4>\n<p style=\"text-align: center;\">\n<p style=\"text-align: center;\"><a href=\"http:\/\/heisserhamster.de\/waermflasche\/wp-content\/uploads\/2016\/09\/Weihnachtsgeschenke-fuer-Senioren-pic9.jpg\"><img loading=\"lazy\" decoding=\"async\" class=\"alignnone wp-image-7171 size-medium\" title=\"W\u00e4rmflaschenbezug selbst gestalten\" src=\"http:\/\/heisserhamster.de\/waermflasche\/wp-content\/uploads\/2016\/09\/Weihnachtsgeschenke-fuer-Senioren-pic9-300x212.jpg\" alt=\"weihnachtsgeschenke-fuer-senioren-pic9\" width=\"300\" height=\"212\" \/><\/a><a href=\"http:\/\/heisserhamster.de\/waermflasche\/wp-content\/uploads\/2016\/09\/Weihnachtsgeschenke-fuer-Senioren-pic10.jpg\"><img loading=\"lazy\" decoding=\"async\" class=\"alignnone wp-image-7172 size-medium\" title=\"W\u00e4rmflaschen in vielen Farben\" src=\"http:\/\/heisserhamster.de\/waermflasche\/wp-content\/uploads\/2016\/09\/Weihnachtsgeschenke-fuer-Senioren-pic10-191x300.jpg\" alt=\"weihnachtsgeschenke-fuer-senioren-pic10\" width=\"191\" height=\"300\" \/><\/a><\/p>\n<p style=\"text-align: center;\">\n<h4 style=\"text-align: center;\">Von gl\u00fccklichen Menschen in liebevoller Handarbeit f\u00fcr Dich gefertigt.<\/h4>\n<h4 style=\"text-align: center;\">Wir w\u00fcnschen Dir viel Spass !<\/h4>\n<p style=\"text-align: center;\"><a href=\"http:\/\/heisserhamster.de\/waermflasche\/wp-content\/uploads\/2016\/09\/Weihnachtsgeschenke-fuer-Senioren-pic2.jpg\"><img loading=\"lazy\" decoding=\"async\" class=\"alignnone wp-image-7164 size-medium\" title=\"Meine pers\u00f6nliche W\u00e4rmflasche\" src=\"http:\/\/heisserhamster.de\/waermflasche\/wp-content\/uploads\/2016\/09\/Weihnachtsgeschenke-fuer-Senioren-pic2-225x300.jpg\" alt=\"weihnachtsgeschenke-fuer-senioren-pic2\" width=\"225\" height=\"300\" \/><\/a><\/p>\n<p style=\"text-align: center;\">\n<h2 style=\"text-align: center;\"><strong><a href=\"https:\/\/youtu.be\/4ksAPyDeAHE\">\u2026 <\/a><\/strong><em><a href=\"https:\/\/youtu.be\/4ksAPyDeAHE\">der absolute Warmsinn<\/a>!<\/em><\/h2>\n<p style=\"text-align: center;\">\n<p style=\"text-align: center;\">\n<p>&nbsp;<\/p>\n","protected":false},"excerpt":{"rendered":"<p>&#8230;mit Wellnesseffekt \ud83d\ude09 &#8220;Was immer du auf Erden verschenkst, es wird dich in den Himmel begleiten&#8221; (unbekannt) \u00a0 Jedes Jahr zu Weihnachten wird das Fest der Liebe gefeiert. Menschen denken an Ihre N\u00e4chsten und m\u00f6chten gerne etwas Besonderes verschenken. Nicht immer f\u00e4llt es aber leicht sofort das Passende zu finden denn das Angebot ist gro\u00df und oft un\u00fcbersichtlich. Gerade in [&hellip;]<\/p>\n","protected":false},"author":2,"featured_media":0,"parent":0,"menu_order":0,"comment_status":"closed","ping_status":"closed","template":"","meta":{"footnotes":""},"class_list":["post-20233","page","type-page","status-publish","hentry"],"yoast_head":"<!-- This site is optimized with the Yoast SEO plugin v27.0 - https:\/\/yoast.com\/product\/yoast-seo-wordpress\/ -->\n<title>Weihnachtsgeschenke f\u00fcr Senioren mit individueller Stickerei<\/title>\n<meta name=\"description\" content=\"Diese Weihnachtsgeschenke f\u00fcr Senioren haben den Kuschelfaktor \u2764 Deine pers\u00f6nliche W\u00e4rmflasche individuell mit eigenem Motiv oder Text bedruckt\u2714bestickt\u2714\" \/>\n<meta name=\"robots\" content=\"index, follow, max-snippet:-1, max-image-preview:large, max-video-preview:-1\" \/>\n<link rel=\"canonical\" href=\"https:\/\/heisserhamster.de\/waermflasche\/weihnachtsgeschenke-fuer-senioren\/\" \/>\n<meta property=\"og:locale\" content=\"de_DE\" \/>\n<meta property=\"og:type\" content=\"article\" \/>\n<meta property=\"og:title\" content=\"Weihnachtsgeschenke f\u00fcr Senioren mit individueller Stickerei\" \/>\n<meta property=\"og:description\" content=\"Diese Weihnachtsgeschenke f\u00fcr Senioren haben den Kuschelfaktor \u2764 Deine pers\u00f6nliche W\u00e4rmflasche individuell mit eigenem Motiv oder Text bedruckt\u2714bestickt\u2714\" \/>\n<meta property=\"og:url\" content=\"https:\/\/heisserhamster.de\/waermflasche\/weihnachtsgeschenke-fuer-senioren\/\" \/>\n<meta property=\"og:image\" content=\"http:\/\/heisserhamster.de\/waermflasche\/wp-content\/uploads\/2016\/09\/Weihnachtsgeschenke-fuer-Senioren-pic1.png\" \/>\n<meta name=\"twitter:card\" content=\"summary_large_image\" \/>\n<meta name=\"twitter:label1\" content=\"Gesch\u00e4tzte Lesezeit\" \/>\n\t<meta name=\"twitter:data1\" content=\"2\u00a0Minuten\" \/>\n<script type=\"application\/ld+json\" class=\"yoast-schema-graph\">{\"@context\":\"https:\/\/schema.org\",\"@graph\":[{\"@type\":\"WebPage\",\"@id\":\"https:\/\/heisserhamster.de\/waermflasche\/weihnachtsgeschenke-fuer-senioren\/\",\"url\":\"https:\/\/heisserhamster.de\/waermflasche\/weihnachtsgeschenke-fuer-senioren\/\",\"name\":\"Weihnachtsgeschenke f\u00fcr Senioren mit individueller Stickerei\",\"isPartOf\":{\"@id\":\"https:\/\/heisserhamster.de\/waermflasche\/#website\"},\"primaryImageOfPage\":{\"@id\":\"https:\/\/heisserhamster.de\/waermflasche\/weihnachtsgeschenke-fuer-senioren\/#primaryimage\"},\"image\":{\"@id\":\"https:\/\/heisserhamster.de\/waermflasche\/weihnachtsgeschenke-fuer-senioren\/#primaryimage\"},\"thumbnailUrl\":\"http:\/\/heisserhamster.de\/waermflasche\/wp-content\/uploads\/2016\/09\/Weihnachtsgeschenke-fuer-Senioren-pic1.png\",\"datePublished\":\"2017-07-03T18:55:59+00:00\",\"description\":\"Diese Weihnachtsgeschenke f\u00fcr Senioren haben den Kuschelfaktor \u2764 Deine pers\u00f6nliche W\u00e4rmflasche individuell mit eigenem Motiv oder Text bedruckt\u2714bestickt\u2714\",\"breadcrumb\":{\"@id\":\"https:\/\/heisserhamster.de\/waermflasche\/weihnachtsgeschenke-fuer-senioren\/#breadcrumb\"},\"inLanguage\":\"de\",\"potentialAction\":[{\"@type\":\"ReadAction\",\"target\":[\"https:\/\/heisserhamster.de\/waermflasche\/weihnachtsgeschenke-fuer-senioren\/\"]}]},{\"@type\":\"ImageObject\",\"inLanguage\":\"de\",\"@id\":\"https:\/\/heisserhamster.de\/waermflasche\/weihnachtsgeschenke-fuer-senioren\/#primaryimage\",\"url\":\"http:\/\/heisserhamster.de\/waermflasche\/wp-content\/uploads\/2016\/09\/Weihnachtsgeschenke-fuer-Senioren-pic1.png\",\"contentUrl\":\"http:\/\/heisserhamster.de\/waermflasche\/wp-content\/uploads\/2016\/09\/Weihnachtsgeschenke-fuer-Senioren-pic1.png\"},{\"@type\":\"BreadcrumbList\",\"@id\":\"https:\/\/heisserhamster.de\/waermflasche\/weihnachtsgeschenke-fuer-senioren\/#breadcrumb\",\"itemListElement\":[{\"@type\":\"ListItem\",\"position\":1,\"name\":\"Startseite\",\"item\":\"https:\/\/heisserhamster.de\/waermflasche\/\"},{\"@type\":\"ListItem\",\"position\":2,\"name\":\"Weihnachtsgeschenke f\u00fcr Senioren\"}]},{\"@type\":\"WebSite\",\"@id\":\"https:\/\/heisserhamster.de\/waermflasche\/#website\",\"url\":\"https:\/\/heisserhamster.de\/waermflasche\/\",\"name\":\"\",\"description\":\"\",\"potentialAction\":[{\"@type\":\"SearchAction\",\"target\":{\"@type\":\"EntryPoint\",\"urlTemplate\":\"https:\/\/heisserhamster.de\/waermflasche\/?s={search_term_string}\"},\"query-input\":{\"@type\":\"PropertyValueSpecification\",\"valueRequired\":true,\"valueName\":\"search_term_string\"}}],\"inLanguage\":\"de\"}]}<\/script>\n<!-- \/ Yoast SEO plugin. -->","yoast_head_json":{"title":"Weihnachtsgeschenke f\u00fcr Senioren mit individueller Stickerei","description":"Diese Weihnachtsgeschenke f\u00fcr Senioren haben den Kuschelfaktor \u2764 Deine pers\u00f6nliche W\u00e4rmflasche individuell mit eigenem Motiv oder Text bedruckt\u2714bestickt\u2714","robots":{"index":"index","follow":"follow","max-snippet":"max-snippet:-1","max-image-preview":"max-image-preview:large","max-video-preview":"max-video-preview:-1"},"canonical":"https:\/\/heisserhamster.de\/waermflasche\/weihnachtsgeschenke-fuer-senioren\/","og_locale":"de_DE","og_type":"article","og_title":"Weihnachtsgeschenke f\u00fcr Senioren mit individueller Stickerei","og_description":"Diese Weihnachtsgeschenke f\u00fcr Senioren haben den Kuschelfaktor \u2764 Deine pers\u00f6nliche W\u00e4rmflasche individuell mit eigenem Motiv oder Text bedruckt\u2714bestickt\u2714","og_url":"https:\/\/heisserhamster.de\/waermflasche\/weihnachtsgeschenke-fuer-senioren\/","og_image":[{"url":"http:\/\/heisserhamster.de\/waermflasche\/wp-content\/uploads\/2016\/09\/Weihnachtsgeschenke-fuer-Senioren-pic1.png","type":"","width":"","height":""}],"twitter_card":"summary_large_image","twitter_misc":{"Gesch\u00e4tzte Lesezeit":"2\u00a0Minuten"},"schema":{"@context":"https:\/\/schema.org","@graph":[{"@type":"WebPage","@id":"https:\/\/heisserhamster.de\/waermflasche\/weihnachtsgeschenke-fuer-senioren\/","url":"https:\/\/heisserhamster.de\/waermflasche\/weihnachtsgeschenke-fuer-senioren\/","name":"Weihnachtsgeschenke f\u00fcr Senioren mit individueller Stickerei","isPartOf":{"@id":"https:\/\/heisserhamster.de\/waermflasche\/#website"},"primaryImageOfPage":{"@id":"https:\/\/heisserhamster.de\/waermflasche\/weihnachtsgeschenke-fuer-senioren\/#primaryimage"},"image":{"@id":"https:\/\/heisserhamster.de\/waermflasche\/weihnachtsgeschenke-fuer-senioren\/#primaryimage"},"thumbnailUrl":"http:\/\/heisserhamster.de\/waermflasche\/wp-content\/uploads\/2016\/09\/Weihnachtsgeschenke-fuer-Senioren-pic1.png","datePublished":"2017-07-03T18:55:59+00:00","description":"Diese Weihnachtsgeschenke f\u00fcr Senioren haben den Kuschelfaktor \u2764 Deine pers\u00f6nliche W\u00e4rmflasche individuell mit eigenem Motiv oder Text bedruckt\u2714bestickt\u2714","breadcrumb":{"@id":"https:\/\/heisserhamster.de\/waermflasche\/weihnachtsgeschenke-fuer-senioren\/#breadcrumb"},"inLanguage":"de","potentialAction":[{"@type":"ReadAction","target":["https:\/\/heisserhamster.de\/waermflasche\/weihnachtsgeschenke-fuer-senioren\/"]}]},{"@type":"ImageObject","inLanguage":"de","@id":"https:\/\/heisserhamster.de\/waermflasche\/weihnachtsgeschenke-fuer-senioren\/#primaryimage","url":"http:\/\/heisserhamster.de\/waermflasche\/wp-content\/uploads\/2016\/09\/Weihnachtsgeschenke-fuer-Senioren-pic1.png","contentUrl":"http:\/\/heisserhamster.de\/waermflasche\/wp-content\/uploads\/2016\/09\/Weihnachtsgeschenke-fuer-Senioren-pic1.png"},{"@type":"BreadcrumbList","@id":"https:\/\/heisserhamster.de\/waermflasche\/weihnachtsgeschenke-fuer-senioren\/#breadcrumb","itemListElement":[{"@type":"ListItem","position":1,"name":"Startseite","item":"https:\/\/heisserhamster.de\/waermflasche\/"},{"@type":"ListItem","position":2,"name":"Weihnachtsgeschenke f\u00fcr Senioren"}]},{"@type":"WebSite","@id":"https:\/\/heisserhamster.de\/waermflasche\/#website","url":"https:\/\/heisserhamster.de\/waermflasche\/","name":"","description":"","potentialAction":[{"@type":"SearchAction","target":{"@type":"EntryPoint","urlTemplate":"https:\/\/heisserhamster.de\/waermflasche\/?s={search_term_string}"},"query-input":{"@type":"PropertyValueSpecification","valueRequired":true,"valueName":"search_term_string"}}],"inLanguage":"de"}]}},"_links":{"self":[{"href":"https:\/\/heisserhamster.de\/waermflasche\/wp-json\/wp\/v2\/pages\/20233","targetHints":{"allow":["GET"]}}],"collection":[{"href":"https:\/\/heisserhamster.de\/waermflasche\/wp-json\/wp\/v2\/pages"}],"about":[{"href":"https:\/\/heisserhamster.de\/waermflasche\/wp-json\/wp\/v2\/types\/page"}],"author":[{"embeddable":true,"href":"https:\/\/heisserhamster.de\/waermflasche\/wp-json\/wp\/v2\/users\/2"}],"replies":[{"embeddable":true,"href":"https:\/\/heisserhamster.de\/waermflasche\/wp-json\/wp\/v2\/comments?post=20233"}],"version-history":[{"count":0,"href":"https:\/\/heisserhamster.de\/waermflasche\/wp-json\/wp\/v2\/pages\/20233\/revisions"}],"wp:attachment":[{"href":"https:\/\/heisserhamster.de\/waermflasche\/wp-json\/wp\/v2\/media?parent=20233"}],"curies":[{"name":"wp","href":"https:\/\/api.w.org\/{rel}","templated":true}]}}