{"id":18687,"date":"2017-06-22T21:08:48","date_gmt":"2017-06-22T19:08:48","guid":{"rendered":"http:\/\/heisserhamster.de\/waermflasche\/?page_id=18687"},"modified":"2017-06-22T21:08:48","modified_gmt":"2017-06-22T19:08:48","slug":"design-waermflaschen","status":"publish","type":"page","link":"https:\/\/heisserhamster.de\/waermflasche\/design-waermflaschen\/","title":{"rendered":"Design W\u00e4rmflaschen"},"content":{"rendered":"<h2 style=\"text-align: center;\">&#8230;mit Kuschelfaktor \ud83d\ude09<\/h2>\n<p style=\"text-align: center;\">\n<p style=\"text-align: center;\"><a href=\"http:\/\/heisserhamster.de\/waermflasche\/wp-content\/uploads\/2016\/06\/Design-Waermflaschen-pic1.png\"><img loading=\"lazy\" decoding=\"async\" class=\"alignnone wp-image-9612 size-full\" title=\"Deine individuelle W\u00e4rmflasche !\" src=\"http:\/\/heisserhamster.de\/waermflasche\/wp-content\/uploads\/2016\/06\/Design-Waermflaschen-pic1.png\" alt=\"design-waermflaschen-pic1\" width=\"600\" height=\"565\" \/><\/a><\/p>\n<p style=\"text-align: center;\">\n<h4 style=\"text-align: center;\">Die Zeiten des Mainstreams sind nun endg\u00fcltig vorbei.<\/h4>\n<h4 style=\"text-align: center;\">Es macht einfach keinen Spass Geschenke von der Stange zu kaufen.<\/h4>\n<h4 style=\"text-align: center;\">Viel sch\u00f6ner ist es einem lieben Menschen eine ganz pers\u00f6nliche Freude zu machen.<\/h4>\n<h4 style=\"text-align: center;\">Ein Geschenk bei dem Du Dir Gedanken gemacht hast und es individuell speziell f\u00fcr diese Person gestaltet hast.<\/h4>\n<h4 style=\"text-align: center;\">Das passt zu jedem Anlass !<\/h4>\n<h4 style=\"text-align: center;\">Du kannst erleben wie Deine pers\u00f6nliche Geschenkidee ein richtiger Hingucker wird und dem Beschenkten viel Freude macht.<\/h4>\n<h4 style=\"text-align: center;\">Wir von heisser hamster sorgen daf\u00fcr, dass Deine Geschenkidee ein unverwechselbares Unikat wird.<\/h4>\n<p style=\"text-align: center;\">\n<p style=\"text-align: center;\"><a href=\"http:\/\/heisserhamster.de\/waermflasche\/wp-content\/uploads\/2016\/06\/Design-Waermflaschen-pic2.jpg\"><img loading=\"lazy\" decoding=\"async\" class=\"alignnone wp-image-9613 size-medium\" title=\"Herzw\u00e4rmflaschen\" src=\"http:\/\/heisserhamster.de\/waermflasche\/wp-content\/uploads\/2016\/06\/Design-Waermflaschen-pic2-201x300.jpg\" alt=\"design-waermflaschen-pic2\" width=\"201\" height=\"300\" \/><\/a><a href=\"http:\/\/heisserhamster.de\/waermflasche\/wp-content\/uploads\/2016\/06\/Design-Waermflaschen-pic4.jpg\"><img loading=\"lazy\" decoding=\"async\" class=\"alignnone wp-image-9615 size-medium\" title=\"Meine pers\u00f6nliche W\u00e4rmflasche\" src=\"http:\/\/heisserhamster.de\/waermflasche\/wp-content\/uploads\/2016\/06\/Design-Waermflaschen-pic4-210x300.jpg\" alt=\"design-waermflaschen-pic4\" width=\"210\" height=\"300\" \/><\/a><a href=\"http:\/\/heisserhamster.de\/waermflasche\/wp-content\/uploads\/2016\/06\/Design-Waermflaschen-pic5.jpg\"><img loading=\"lazy\" decoding=\"async\" class=\"alignnone wp-image-9616 size-medium\" title=\"Verpackung f\u00fcr W\u00e4rmflaschen\" src=\"http:\/\/heisserhamster.de\/waermflasche\/wp-content\/uploads\/2016\/06\/Design-Waermflaschen-pic5-225x300.jpg\" alt=\"design-waermflaschen-pic5\" width=\"225\" height=\"300\" \/><\/a><\/p>\n<p style=\"text-align: center;\">\n<h2 style=\"text-align: center;\">Alle lieben W\u00e4rmflaschen !<\/h2>\n<h4 style=\"text-align: center;\">Wer hat nicht schon einmal unter Bauchschmerzen gelitten und durch die wohlige W\u00e4rme einer W\u00e4rmflasche Linderung erfahren.<\/h4>\n<h4 style=\"text-align: center;\">Eine coole W\u00e4rmflasche ist ein guter Freund f\u00fcr lange Zeit und viele warme Stunden.<\/h4>\n<h4 style=\"text-align: center;\">Und wenn diese W\u00e4rmflasche noch von Dir mit einer individuellen Bestickung gestaltet wurde dann ist das ein perfektes Geschenk.<\/h4>\n<p>&nbsp;<\/p>\n<p style=\"text-align: center;\"><a href=\"http:\/\/heisserhamster.de\/waermflasche\/wp-content\/uploads\/2016\/06\/Design-Waermflaschen-pic3.jpg\"><img loading=\"lazy\" decoding=\"async\" class=\"alignnone wp-image-9614 size-full\" title=\"Sch\u00f6n kuschlig mit individueller W\u00e4rmflasche\" src=\"http:\/\/heisserhamster.de\/waermflasche\/wp-content\/uploads\/2016\/06\/Design-Waermflaschen-pic3.jpg\" alt=\"Design-Waermflaschen-pic3\" width=\"600\" height=\"450\" \/><\/a><\/p>\n<p style=\"text-align: center;\">\n<h2 class=\"western\" style=\"text-align: center;\">Diese Design W\u00e4rmflaschen w\u00e4rmen jedes Herz (und auch die F\u00fcsse \ud83d\ude09 ) !<\/h2>\n<h4 style=\"text-align: center;\">Jede <strong>Design W\u00e4rmflasche<\/strong> und deren Motiv wird von uns sorgf\u00e4ltig und in Handarbeit gefertigt.<\/h4>\n<h4 style=\"text-align: center;\">Keine gleicht der anderen und ist somit ein Unikat mit dem Du Dir oder deinen Freunden ein unvergleichliches Geschenk machen kannst.<\/h4>\n<p style=\"text-align: center;\">\n<p style=\"text-align: center;\"><a href=\"http:\/\/heisserhamster.de\/waermflasche\/wp-content\/uploads\/2016\/06\/Design-Waermflaschen-pic6.jpg\"><img loading=\"lazy\" decoding=\"async\" class=\"alignnone wp-image-9617 size-medium\" title=\"lustige W\u00e4rmflaschn\" src=\"http:\/\/heisserhamster.de\/waermflasche\/wp-content\/uploads\/2016\/06\/Design-Waermflaschen-pic6-220x300.jpg\" alt=\"design-waermflaschen-pic6\" width=\"220\" height=\"300\" \/><\/a><a href=\"http:\/\/heisserhamster.de\/waermflasche\/wp-content\/uploads\/2016\/06\/Design-Waermflaschen-pic7.jpg\"><img loading=\"lazy\" decoding=\"async\" class=\"alignnone wp-image-9618 size-medium\" title=\"witzige W\u00e4rmflaschen\" src=\"http:\/\/heisserhamster.de\/waermflasche\/wp-content\/uploads\/2016\/06\/Design-Waermflaschen-pic7-209x300.jpg\" alt=\"design-waermflaschen-pic7\" width=\"209\" height=\"300\" \/><\/a><a href=\"http:\/\/heisserhamster.de\/waermflasche\/wp-content\/uploads\/2016\/06\/Design-Waermflaschen-pic8.jpg\"><img loading=\"lazy\" decoding=\"async\" class=\"alignnone wp-image-9619 size-medium\" title=\"originelle W\u00e4rmflaschen\" src=\"http:\/\/heisserhamster.de\/waermflasche\/wp-content\/uploads\/2016\/06\/Design-Waermflaschen-pic8-227x300.jpg\" alt=\"design-waermflaschen-pic8\" width=\"227\" height=\"300\" \/><\/a><\/p>\n<p style=\"text-align: center;\">\n<p style=\"text-align: center;\">\n<h2 class=\"western\" style=\"text-align: center;\">Deine <a href=\"http:\/\/de.wikipedia.org\/wiki\/W%C3%A4rmflasche\" target=\"_blank\" rel=\"noopener\">W\u00e4rmflasche<\/a> selbst gestalten<\/h2>\n<h4 style=\"text-align: center;\">Sei kreativ ! und gestalte Dir Dein individuelle Design W\u00e4rmflasche<\/h4>\n<h4 style=\"text-align: center;\">mit unserem neuen <a href=\"http:\/\/heisserhamster.de\/waermflasche\/individuelle-waermflaschen\/\" target=\"_blank\" rel=\"noopener\"><strong>W\u00e4rmflaschen \u2013 Designer<\/strong><\/a> oder w\u00e4hle eine unserer vielen lustigen W\u00e4rmflaschen im <strong><a href=\"http:\/\/heisserhamster.de\/witzige-waermflaschen\/\" target=\"_blank\" rel=\"noopener\">Shop<\/a><\/strong>.<\/h4>\n<h4 style=\"text-align: center;\">In ganz einfachen Schritten kannst Du Deine coole W\u00e4rmflasche <strong>selbst gestalten<\/strong> und<\/h4>\n<h4 style=\"text-align: center;\">zuschauen wie aus Deiner Idee ein <strong>einzigartiges Geschenk<\/strong> wird.<\/h4>\n<p>&nbsp;<\/p>\n<p style=\"text-align: center;\"><a href=\"http:\/\/heisserhamster.de\/waermflasche\/wp-content\/uploads\/2016\/06\/Design-Waermflaschen-pic9.jpg\"><img loading=\"lazy\" decoding=\"async\" class=\"alignnone wp-image-9620 size-full\" title=\"Mein heisser hamster !!\" src=\"http:\/\/heisserhamster.de\/waermflasche\/wp-content\/uploads\/2016\/06\/Design-Waermflaschen-pic9.jpg\" alt=\"Design-Waermflaschen-pic9\" width=\"800\" height=\"600\" \/><\/a><\/p>\n<p style=\"text-align: center;\">\n<h2 style=\"text-align: center;\"><em><a href=\"https:\/\/www.youtube.com\/watch?v=4ksAPyDeAHE\" target=\"_blank\" rel=\"noopener\">&#8230; der absolute Warmsinn !<\/a><\/em><\/h2>\n","protected":false},"excerpt":{"rendered":"<p>&#8230;mit Kuschelfaktor \ud83d\ude09 Die Zeiten des Mainstreams sind nun endg\u00fcltig vorbei. Es macht einfach keinen Spass Geschenke von der Stange zu kaufen. Viel sch\u00f6ner ist es einem lieben Menschen eine ganz pers\u00f6nliche Freude zu machen. Ein Geschenk bei dem Du Dir Gedanken gemacht hast und es individuell speziell f\u00fcr diese Person gestaltet hast. Das passt zu jedem Anlass ! Du [&hellip;]<\/p>\n","protected":false},"author":2,"featured_media":0,"parent":0,"menu_order":0,"comment_status":"closed","ping_status":"closed","template":"","meta":{"footnotes":""},"class_list":["post-18687","page","type-page","status-publish","hentry"],"yoast_head":"<!-- This site is optimized with the Yoast SEO plugin v27.0 - https:\/\/yoast.com\/product\/yoast-seo-wordpress\/ -->\n<title>Design W\u00e4rmflaschen von heisser hamster sind cool<\/title>\n<meta name=\"description\" content=\"Hier kannst Du Deine individuellen Design W\u00e4rmflaschen mit eigenem Text, Namen oder Motiv selbst gestalten.Die besondere Design W\u00e4rmflasche die einmalig ist\" \/>\n<meta name=\"robots\" content=\"index, follow, max-snippet:-1, max-image-preview:large, max-video-preview:-1\" \/>\n<link rel=\"canonical\" href=\"https:\/\/heisserhamster.de\/waermflasche\/design-waermflaschen\/\" \/>\n<meta property=\"og:locale\" content=\"de_DE\" \/>\n<meta property=\"og:type\" content=\"article\" \/>\n<meta property=\"og:title\" content=\"Design W\u00e4rmflaschen von heisser hamster sind cool\" \/>\n<meta property=\"og:description\" content=\"Hier kannst Du Deine individuellen Design W\u00e4rmflaschen mit eigenem Text, Namen oder Motiv selbst gestalten.Die besondere Design W\u00e4rmflasche die einmalig ist\" \/>\n<meta property=\"og:url\" content=\"https:\/\/heisserhamster.de\/waermflasche\/design-waermflaschen\/\" \/>\n<meta property=\"og:image\" content=\"http:\/\/heisserhamster.de\/waermflasche\/wp-content\/uploads\/2016\/06\/Design-Waermflaschen-pic1.png\" \/>\n<meta name=\"twitter:card\" content=\"summary_large_image\" \/>\n<meta name=\"twitter:label1\" content=\"Gesch\u00e4tzte Lesezeit\" \/>\n\t<meta name=\"twitter:data1\" content=\"1\u00a0Minute\" \/>\n<script type=\"application\/ld+json\" class=\"yoast-schema-graph\">{\"@context\":\"https:\/\/schema.org\",\"@graph\":[{\"@type\":\"WebPage\",\"@id\":\"https:\/\/heisserhamster.de\/waermflasche\/design-waermflaschen\/\",\"url\":\"https:\/\/heisserhamster.de\/waermflasche\/design-waermflaschen\/\",\"name\":\"Design W\u00e4rmflaschen von heisser hamster sind cool\",\"isPartOf\":{\"@id\":\"https:\/\/heisserhamster.de\/waermflasche\/#website\"},\"primaryImageOfPage\":{\"@id\":\"https:\/\/heisserhamster.de\/waermflasche\/design-waermflaschen\/#primaryimage\"},\"image\":{\"@id\":\"https:\/\/heisserhamster.de\/waermflasche\/design-waermflaschen\/#primaryimage\"},\"thumbnailUrl\":\"http:\/\/heisserhamster.de\/waermflasche\/wp-content\/uploads\/2016\/06\/Design-Waermflaschen-pic1.png\",\"datePublished\":\"2017-06-22T19:08:48+00:00\",\"description\":\"Hier kannst Du Deine individuellen Design W\u00e4rmflaschen mit eigenem Text, Namen oder Motiv selbst gestalten.Die besondere Design W\u00e4rmflasche die einmalig ist\",\"breadcrumb\":{\"@id\":\"https:\/\/heisserhamster.de\/waermflasche\/design-waermflaschen\/#breadcrumb\"},\"inLanguage\":\"de\",\"potentialAction\":[{\"@type\":\"ReadAction\",\"target\":[\"https:\/\/heisserhamster.de\/waermflasche\/design-waermflaschen\/\"]}]},{\"@type\":\"ImageObject\",\"inLanguage\":\"de\",\"@id\":\"https:\/\/heisserhamster.de\/waermflasche\/design-waermflaschen\/#primaryimage\",\"url\":\"http:\/\/heisserhamster.de\/waermflasche\/wp-content\/uploads\/2016\/06\/Design-Waermflaschen-pic1.png\",\"contentUrl\":\"http:\/\/heisserhamster.de\/waermflasche\/wp-content\/uploads\/2016\/06\/Design-Waermflaschen-pic1.png\"},{\"@type\":\"BreadcrumbList\",\"@id\":\"https:\/\/heisserhamster.de\/waermflasche\/design-waermflaschen\/#breadcrumb\",\"itemListElement\":[{\"@type\":\"ListItem\",\"position\":1,\"name\":\"Startseite\",\"item\":\"https:\/\/heisserhamster.de\/waermflasche\/\"},{\"@type\":\"ListItem\",\"position\":2,\"name\":\"Design W\u00e4rmflaschen\"}]},{\"@type\":\"WebSite\",\"@id\":\"https:\/\/heisserhamster.de\/waermflasche\/#website\",\"url\":\"https:\/\/heisserhamster.de\/waermflasche\/\",\"name\":\"\",\"description\":\"\",\"potentialAction\":[{\"@type\":\"SearchAction\",\"target\":{\"@type\":\"EntryPoint\",\"urlTemplate\":\"https:\/\/heisserhamster.de\/waermflasche\/?s={search_term_string}\"},\"query-input\":{\"@type\":\"PropertyValueSpecification\",\"valueRequired\":true,\"valueName\":\"search_term_string\"}}],\"inLanguage\":\"de\"}]}<\/script>\n<!-- \/ Yoast SEO plugin. -->","yoast_head_json":{"title":"Design W\u00e4rmflaschen von heisser hamster sind cool","description":"Hier kannst Du Deine individuellen Design W\u00e4rmflaschen mit eigenem Text, Namen oder Motiv selbst gestalten.Die besondere Design W\u00e4rmflasche die einmalig ist","robots":{"index":"index","follow":"follow","max-snippet":"max-snippet:-1","max-image-preview":"max-image-preview:large","max-video-preview":"max-video-preview:-1"},"canonical":"https:\/\/heisserhamster.de\/waermflasche\/design-waermflaschen\/","og_locale":"de_DE","og_type":"article","og_title":"Design W\u00e4rmflaschen von heisser hamster sind cool","og_description":"Hier kannst Du Deine individuellen Design W\u00e4rmflaschen mit eigenem Text, Namen oder Motiv selbst gestalten.Die besondere Design W\u00e4rmflasche die einmalig ist","og_url":"https:\/\/heisserhamster.de\/waermflasche\/design-waermflaschen\/","og_image":[{"url":"http:\/\/heisserhamster.de\/waermflasche\/wp-content\/uploads\/2016\/06\/Design-Waermflaschen-pic1.png","type":"","width":"","height":""}],"twitter_card":"summary_large_image","twitter_misc":{"Gesch\u00e4tzte Lesezeit":"1\u00a0Minute"},"schema":{"@context":"https:\/\/schema.org","@graph":[{"@type":"WebPage","@id":"https:\/\/heisserhamster.de\/waermflasche\/design-waermflaschen\/","url":"https:\/\/heisserhamster.de\/waermflasche\/design-waermflaschen\/","name":"Design W\u00e4rmflaschen von heisser hamster sind cool","isPartOf":{"@id":"https:\/\/heisserhamster.de\/waermflasche\/#website"},"primaryImageOfPage":{"@id":"https:\/\/heisserhamster.de\/waermflasche\/design-waermflaschen\/#primaryimage"},"image":{"@id":"https:\/\/heisserhamster.de\/waermflasche\/design-waermflaschen\/#primaryimage"},"thumbnailUrl":"http:\/\/heisserhamster.de\/waermflasche\/wp-content\/uploads\/2016\/06\/Design-Waermflaschen-pic1.png","datePublished":"2017-06-22T19:08:48+00:00","description":"Hier kannst Du Deine individuellen Design W\u00e4rmflaschen mit eigenem Text, Namen oder Motiv selbst gestalten.Die besondere Design W\u00e4rmflasche die einmalig ist","breadcrumb":{"@id":"https:\/\/heisserhamster.de\/waermflasche\/design-waermflaschen\/#breadcrumb"},"inLanguage":"de","potentialAction":[{"@type":"ReadAction","target":["https:\/\/heisserhamster.de\/waermflasche\/design-waermflaschen\/"]}]},{"@type":"ImageObject","inLanguage":"de","@id":"https:\/\/heisserhamster.de\/waermflasche\/design-waermflaschen\/#primaryimage","url":"http:\/\/heisserhamster.de\/waermflasche\/wp-content\/uploads\/2016\/06\/Design-Waermflaschen-pic1.png","contentUrl":"http:\/\/heisserhamster.de\/waermflasche\/wp-content\/uploads\/2016\/06\/Design-Waermflaschen-pic1.png"},{"@type":"BreadcrumbList","@id":"https:\/\/heisserhamster.de\/waermflasche\/design-waermflaschen\/#breadcrumb","itemListElement":[{"@type":"ListItem","position":1,"name":"Startseite","item":"https:\/\/heisserhamster.de\/waermflasche\/"},{"@type":"ListItem","position":2,"name":"Design W\u00e4rmflaschen"}]},{"@type":"WebSite","@id":"https:\/\/heisserhamster.de\/waermflasche\/#website","url":"https:\/\/heisserhamster.de\/waermflasche\/","name":"","description":"","potentialAction":[{"@type":"SearchAction","target":{"@type":"EntryPoint","urlTemplate":"https:\/\/heisserhamster.de\/waermflasche\/?s={search_term_string}"},"query-input":{"@type":"PropertyValueSpecification","valueRequired":true,"valueName":"search_term_string"}}],"inLanguage":"de"}]}},"_links":{"self":[{"href":"https:\/\/heisserhamster.de\/waermflasche\/wp-json\/wp\/v2\/pages\/18687","targetHints":{"allow":["GET"]}}],"collection":[{"href":"https:\/\/heisserhamster.de\/waermflasche\/wp-json\/wp\/v2\/pages"}],"about":[{"href":"https:\/\/heisserhamster.de\/waermflasche\/wp-json\/wp\/v2\/types\/page"}],"author":[{"embeddable":true,"href":"https:\/\/heisserhamster.de\/waermflasche\/wp-json\/wp\/v2\/users\/2"}],"replies":[{"embeddable":true,"href":"https:\/\/heisserhamster.de\/waermflasche\/wp-json\/wp\/v2\/comments?post=18687"}],"version-history":[{"count":0,"href":"https:\/\/heisserhamster.de\/waermflasche\/wp-json\/wp\/v2\/pages\/18687\/revisions"}],"wp:attachment":[{"href":"https:\/\/heisserhamster.de\/waermflasche\/wp-json\/wp\/v2\/media?parent=18687"}],"curies":[{"name":"wp","href":"https:\/\/api.w.org\/{rel}","templated":true}]}}