{"id":18544,"date":"2017-06-21T16:28:23","date_gmt":"2017-06-21T14:28:23","guid":{"rendered":"http:\/\/heisserhamster.de\/waermflasche\/?page_id=18544"},"modified":"2018-06-23T17:17:45","modified_gmt":"2018-06-23T15:17:45","slug":"waermflasche-mit-eigenem-namen-oder-text-bedrucken","status":"publish","type":"page","link":"https:\/\/heisserhamster.de\/waermflasche\/waermflasche-mit-eigenem-namen-oder-text-bedrucken\/","title":{"rendered":"Eine W\u00e4rmflasche mit eigenem Namen oder Text bedrucken"},"content":{"rendered":"<h2 style=\"text-align: center;\">&#8230; ist nun nicht mehr schwer \ud83d\ude09<\/h2>\n<p style=\"text-align: center;\"><a href=\"http:\/\/heisserhamster.de\/waermflasche\/wp-content\/uploads\/2015\/09\/Waermflasche-mit-eigenem-Namen-oder-Text-bedrucken-pic1.png\"><img loading=\"lazy\" decoding=\"async\" class=\"alignnone wp-image-7736 size-full\" title=\"Deine individuelle W\u00e4rmflasche !\" src=\"http:\/\/heisserhamster.de\/waermflasche\/wp-content\/uploads\/2015\/09\/Waermflasche-mit-eigenem-Namen-oder-Text-bedrucken-pic1.png\" alt=\"waermflasche-mit-eigenem-namen-oder-text-bedrucken-pic1\" width=\"600\" height=\"565\" \/><\/a><\/p>\n<h4 style=\"text-align: center;\">Ein <strong>ausgefallenes Geschenk<\/strong> muss nicht teuer sein. Schon f\u00fcr wenig Geld kannst Du einem lieben Menschen eine tolle Freude machen.<\/h4>\n<h4 style=\"text-align: center;\">Oft ist es aber schwer sich in der F\u00fclle der Geschenkangebote zurecht zu finden.<\/h4>\n<h4 style=\"text-align: center;\">Auf der Suche nach einem <strong>einmaligen Geschenk<\/strong> kann einem schon mal die Lust vergehen.<\/h4>\n<h4 style=\"text-align: center;\">Denn das Angebot von der Stange ist erschlagend.<\/h4>\n<h4 style=\"text-align: center;\">Aber wer will schon mit dem Strom schwimmen? Ein <strong>individuelles Geschenk<\/strong> w\u00e4re doch viel sch\u00f6ner.<\/h4>\n<h4 style=\"text-align: center;\">Vielleicht hat der Beschenkte <strong>Geburtstag<\/strong> und Du m\u00f6chtest Ihm etwas ganz <strong>pers\u00f6nliches<\/strong> schenken.<\/h4>\n<p style=\"text-align: center;\"><a href=\"http:\/\/heisserhamster.de\/waermflasche\/wp-content\/uploads\/2015\/09\/Waermflasche-mit-eigenem-Namen-oder-Text-bedrucken-pic2.jpg\"><img loading=\"lazy\" decoding=\"async\" class=\"alignnone wp-image-7737 size-medium\" title=\"Herz W\u00e4rmflaschen\" src=\"http:\/\/heisserhamster.de\/waermflasche\/wp-content\/uploads\/2015\/09\/Waermflasche-mit-eigenem-Namen-oder-Text-bedrucken-pic2-201x300.jpg\" alt=\"waermflasche-mit-eigenem-namen-oder-text-bedrucken-pic2\" width=\"201\" height=\"300\" \/><\/a><a href=\"http:\/\/heisserhamster.de\/waermflasche\/wp-content\/uploads\/2015\/09\/Waermflasche-mit-eigenem-Namen-oder-Text-bedrucken-pic4.jpg\"><img loading=\"lazy\" decoding=\"async\" class=\"alignnone wp-image-7739 size-medium\" title=\"Meine pers\u00f6nliche W\u00e4rmflasche\" src=\"http:\/\/heisserhamster.de\/waermflasche\/wp-content\/uploads\/2015\/09\/Waermflasche-mit-eigenem-Namen-oder-Text-bedrucken-pic4-210x300.jpg\" alt=\"waermflasche-mit-eigenem-namen-oder-text-bedrucken-pic4\" width=\"210\" height=\"300\" \/><\/a><a href=\"http:\/\/heisserhamster.de\/waermflasche\/wp-content\/uploads\/2015\/09\/Waermflasche-mit-eigenem-Namen-oder-Text-bedrucken-pic5.jpg\"><img loading=\"lazy\" decoding=\"async\" class=\"alignnone wp-image-7740 size-medium\" title=\"Verpackung f\u00fcr W\u00e4rmflasche\" src=\"http:\/\/heisserhamster.de\/waermflasche\/wp-content\/uploads\/2015\/09\/Waermflasche-mit-eigenem-Namen-oder-Text-bedrucken-pic5-225x300.jpg\" alt=\"waermflasche-mit-eigenem-namen-oder-text-bedrucken-pic5\" width=\"225\" height=\"300\" \/><\/a><\/p>\n<h2 style=\"text-align: center;\">Individuell muss aber nicht teuer sein. Deine Idee z\u00e4hlt.<\/h2>\n<h4 style=\"text-align: center;\">Niemand kennt die zu beschenkende Person so gut wie Du.<\/h4>\n<h4 style=\"text-align: center;\">Nur Du wei\u00dft was ihre ganz pers\u00f6nlichen Interessen, Vorlieben oder besonderen Eigenschaften sind.<\/h4>\n<h4 style=\"text-align: center;\">Vielleicht hat Deine Freundin ein tolles Hobby, Dein Freund mag Sport, Deine Mutter backt gerne oder f\u00fcr Deinen Vater zum Vatertag.<\/h4>\n<h4 style=\"text-align: center;\">Egal ob Du ein <strong>witziges Geburtstagsgeschenk<\/strong>, sch\u00f6nes <strong>Valentinstag Geschenk<\/strong> oder einzigartiges <strong>Weihnachtsgeschenk<\/strong> suchst.<\/h4>\n<h4 style=\"text-align: center;\">Bei uns kannst Du Deine coole Geschenkidee individuell gestalten.<\/h4>\n<h4 style=\"text-align: center;\">Auf Deine Idee kommt es an!<\/h4>\n<h2 style=\"text-align: center;\">Wir von heisser hamster lieben Individualit\u00e4t !<\/h2>\n<h4 style=\"text-align: center;\">Wir fertigen <strong>witzige W\u00e4rmflaschen<\/strong> die erst nach Bestellung speziell f\u00fcr Dich<\/h4>\n<h4 style=\"text-align: center;\">mit Deinem Motiv oder Deiner eigenen Idee <strong>individuell bestickt<\/strong> werden.<\/h4>\n<p style=\"text-align: center;\"><a href=\"http:\/\/heisserhamster.de\/waermflasche\/wp-content\/uploads\/2015\/09\/Waermflasche-mit-eigenem-Namen-oder-Text-bedrucken-pic3.jpg\"><img loading=\"lazy\" decoding=\"async\" class=\"alignnone wp-image-7738 size-full\" title=\"Schon kuschelig mit W\u00e4rmflasche !\" src=\"http:\/\/heisserhamster.de\/waermflasche\/wp-content\/uploads\/2015\/09\/Waermflasche-mit-eigenem-Namen-oder-Text-bedrucken-pic3.jpg\" alt=\"Waermflasche-mit-eigenem-Namen-oder-Text-bedrucken-pic3\" width=\"600\" height=\"450\" \/><\/a><\/p>\n<h2 style=\"text-align: center;\">Eine witzige und n\u00fctzliche Geschenkidee f\u00fcr alle !<\/h2>\n<div style=\"text-align: center;\">\n<h4>Jede W\u00e4rmflasche und deren Motiv wird von uns sorgf\u00e4ltig und in Handarbeit gefertigt.<\/h4>\n<h4>Keine gleicht der anderen und ist somit ein Unikat mit dem Du Dir oder<\/h4>\n<h4>deinen Freunden ein unvergleichliches Geschenk machen kannst.<\/h4>\n<p>&nbsp;<\/p>\n<p><a href=\"http:\/\/heisserhamster.de\/waermflasche\/wp-content\/uploads\/2015\/09\/Waermflasche-mit-eigenem-Namen-oder-Text-bedrucken-pic6.jpg\"><img loading=\"lazy\" decoding=\"async\" class=\"alignnone wp-image-7741 size-medium\" title=\"lustige W\u00e4rmflasche\" src=\"http:\/\/heisserhamster.de\/waermflasche\/wp-content\/uploads\/2015\/09\/Waermflasche-mit-eigenem-Namen-oder-Text-bedrucken-pic6-220x300.jpg\" alt=\"waermflasche-mit-eigenem-namen-oder-text-bedrucken-pic6\" width=\"220\" height=\"300\" \/><\/a><a href=\"http:\/\/heisserhamster.de\/waermflasche\/wp-content\/uploads\/2015\/09\/Waermflasche-mit-eigenem-Namen-oder-Text-bedrucken-pic7.jpg\"><img loading=\"lazy\" decoding=\"async\" class=\"alignnone wp-image-7742 size-medium\" title=\"witzige W\u00e4rmflasche\" src=\"http:\/\/heisserhamster.de\/waermflasche\/wp-content\/uploads\/2015\/09\/Waermflasche-mit-eigenem-Namen-oder-Text-bedrucken-pic7-209x300.jpg\" alt=\"waermflasche-mit-eigenem-namen-oder-text-bedrucken-pic7\" width=\"209\" height=\"300\" \/><\/a><a href=\"http:\/\/heisserhamster.de\/waermflasche\/wp-content\/uploads\/2015\/09\/Waermflasche-mit-eigenem-Namen-oder-Text-bedrucken-pic8.jpg\"><img loading=\"lazy\" decoding=\"async\" class=\"alignnone wp-image-7743 size-medium\" title=\"individuelle W\u00e4rmflasche\" src=\"http:\/\/heisserhamster.de\/waermflasche\/wp-content\/uploads\/2015\/09\/Waermflasche-mit-eigenem-Namen-oder-Text-bedrucken-pic8-227x300.jpg\" alt=\"waermflasche-mit-eigenem-namen-oder-text-bedrucken-pic8\" width=\"227\" height=\"300\" \/><\/a><\/p>\n<p>&nbsp;<\/p>\n<h2 class=\"western\">Deine <a href=\"http:\/\/de.wikipedia.org\/wiki\/W%C3%A4rmflasche\" target=\"_blank\" rel=\"noopener\">W\u00e4rmflasche<\/a> selbst gestalten<\/h2>\n<h4>Sei kreativ ! und gestalte Dir Deine\u00a0<strong>individuelle W\u00e4rmflasche<\/strong> mit unserem neuen<\/h4>\n<h4><a href=\"http:\/\/heisserhamster.de\/waermflasche\/individuelle-waermflaschen\/\" target=\"_blank\" rel=\"noopener\"><strong>W\u00e4rmflaschen \u2013 Designer<\/strong><\/a> oder w\u00e4hle eine unserer vielen lustigen W\u00e4rmflaschen im <strong><a href=\"http:\/\/heisserhamster.de\/witzige-waermflaschen\/\" target=\"_blank\" rel=\"noopener\">Shop<\/a><\/strong>.<\/h4>\n<h4>In ganz einfachen Schritten kannst Du Deine pers\u00f6nliche W\u00e4rmflasche <strong>selbst gestalten<\/strong> und<\/h4>\n<h4>zuschauen wie aus Deiner Idee ein tolles Unikat wird.<\/h4>\n<p>&nbsp;<\/p>\n<\/div>\n<p style=\"text-align: center;\"><a href=\"http:\/\/heisserhamster.de\/waermflasche\/wp-content\/uploads\/2015\/09\/Waermflasche-mit-eigenem-Namen-oder-Text-bedrucken-pic9.jpg\"><img loading=\"lazy\" decoding=\"async\" class=\"alignnone wp-image-7744 size-full\" title=\"Mein heisser hamster !\" src=\"http:\/\/heisserhamster.de\/waermflasche\/wp-content\/uploads\/2015\/09\/Waermflasche-mit-eigenem-Namen-oder-Text-bedrucken-pic9.jpg\" alt=\"Waermflasche-mit-eigenem-Namen-oder-Text-bedrucken-pic9\" width=\"800\" height=\"600\" \/><\/a><\/p>\n<div style=\"text-align: center;\">\n<h4>Wir w\u00fcnschen Dir viel Spass !<\/h4>\n<h4>Von gl\u00fccklichen Menschen in liebevoller Handarbeit f\u00fcr Dich gefertigt.<\/h4>\n<h2><a href=\"https:\/\/www.youtube.com\/watch?v=4ksAPyDeAHE\" target=\"_blank\" rel=\"noopener\"><strong>\u2026 <i>der absolute Warmsinn!<\/i><\/strong><\/a><\/h2>\n<\/div>\n<p>&nbsp;<\/p>\n","protected":false},"excerpt":{"rendered":"<p>&#8230; ist nun nicht mehr schwer \ud83d\ude09 Ein ausgefallenes Geschenk muss nicht teuer sein. Schon f\u00fcr wenig Geld kannst Du einem lieben Menschen eine tolle Freude machen. Oft ist es aber schwer sich in der F\u00fclle der Geschenkangebote zurecht zu finden. Auf der Suche nach einem einmaligen Geschenk kann einem schon mal die Lust vergehen. Denn das Angebot von der [&hellip;]<\/p>\n","protected":false},"author":2,"featured_media":0,"parent":0,"menu_order":0,"comment_status":"closed","ping_status":"closed","template":"","meta":{"footnotes":""},"class_list":["post-18544","page","type-page","status-publish","hentry"],"yoast_head":"<!-- This site is optimized with the Yoast SEO plugin v27.0 - https:\/\/yoast.com\/product\/yoast-seo-wordpress\/ -->\n<title>Eine W\u00e4rmflasche mit eigenem Namen oder Text bedrucken<\/title>\n<meta name=\"description\" content=\"Eine W\u00e4rmflasche mit eigenem Namen oder Text bedrucken ist ab sofort nicht mehr schwer ! Hier kannst Du deine individuelle W\u00e4rmflasche selbst gestalten !\" \/>\n<meta name=\"robots\" content=\"index, follow, max-snippet:-1, max-image-preview:large, max-video-preview:-1\" \/>\n<link rel=\"canonical\" href=\"https:\/\/heisserhamster.de\/waermflasche\/waermflasche-mit-eigenem-namen-oder-text-bedrucken\/\" \/>\n<meta property=\"og:locale\" content=\"de_DE\" \/>\n<meta property=\"og:type\" content=\"article\" \/>\n<meta property=\"og:title\" content=\"Eine W\u00e4rmflasche mit eigenem Namen oder Text bedrucken\" \/>\n<meta property=\"og:description\" content=\"Eine W\u00e4rmflasche mit eigenem Namen oder Text bedrucken ist ab sofort nicht mehr schwer ! Hier kannst Du deine individuelle W\u00e4rmflasche selbst gestalten !\" \/>\n<meta property=\"og:url\" content=\"https:\/\/heisserhamster.de\/waermflasche\/waermflasche-mit-eigenem-namen-oder-text-bedrucken\/\" \/>\n<meta property=\"article:modified_time\" content=\"2018-06-23T15:17:45+00:00\" \/>\n<meta property=\"og:image\" content=\"http:\/\/heisserhamster.de\/waermflasche\/wp-content\/uploads\/2015\/09\/Waermflasche-mit-eigenem-Namen-oder-Text-bedrucken-pic1.png\" \/>\n<meta name=\"twitter:card\" content=\"summary_large_image\" \/>\n<meta name=\"twitter:label1\" content=\"Gesch\u00e4tzte Lesezeit\" \/>\n\t<meta name=\"twitter:data1\" content=\"2\u00a0Minuten\" \/>\n<script type=\"application\/ld+json\" class=\"yoast-schema-graph\">{\"@context\":\"https:\/\/schema.org\",\"@graph\":[{\"@type\":\"WebPage\",\"@id\":\"https:\/\/heisserhamster.de\/waermflasche\/waermflasche-mit-eigenem-namen-oder-text-bedrucken\/\",\"url\":\"https:\/\/heisserhamster.de\/waermflasche\/waermflasche-mit-eigenem-namen-oder-text-bedrucken\/\",\"name\":\"Eine W\u00e4rmflasche mit eigenem Namen oder Text bedrucken\",\"isPartOf\":{\"@id\":\"https:\/\/heisserhamster.de\/waermflasche\/#website\"},\"primaryImageOfPage\":{\"@id\":\"https:\/\/heisserhamster.de\/waermflasche\/waermflasche-mit-eigenem-namen-oder-text-bedrucken\/#primaryimage\"},\"image\":{\"@id\":\"https:\/\/heisserhamster.de\/waermflasche\/waermflasche-mit-eigenem-namen-oder-text-bedrucken\/#primaryimage\"},\"thumbnailUrl\":\"http:\/\/heisserhamster.de\/waermflasche\/wp-content\/uploads\/2015\/09\/Waermflasche-mit-eigenem-Namen-oder-Text-bedrucken-pic1.png\",\"datePublished\":\"2017-06-21T14:28:23+00:00\",\"dateModified\":\"2018-06-23T15:17:45+00:00\",\"description\":\"Eine W\u00e4rmflasche mit eigenem Namen oder Text bedrucken ist ab sofort nicht mehr schwer ! Hier kannst Du deine individuelle W\u00e4rmflasche selbst gestalten !\",\"breadcrumb\":{\"@id\":\"https:\/\/heisserhamster.de\/waermflasche\/waermflasche-mit-eigenem-namen-oder-text-bedrucken\/#breadcrumb\"},\"inLanguage\":\"de\",\"potentialAction\":[{\"@type\":\"ReadAction\",\"target\":[\"https:\/\/heisserhamster.de\/waermflasche\/waermflasche-mit-eigenem-namen-oder-text-bedrucken\/\"]}]},{\"@type\":\"ImageObject\",\"inLanguage\":\"de\",\"@id\":\"https:\/\/heisserhamster.de\/waermflasche\/waermflasche-mit-eigenem-namen-oder-text-bedrucken\/#primaryimage\",\"url\":\"http:\/\/heisserhamster.de\/waermflasche\/wp-content\/uploads\/2015\/09\/Waermflasche-mit-eigenem-Namen-oder-Text-bedrucken-pic1.png\",\"contentUrl\":\"http:\/\/heisserhamster.de\/waermflasche\/wp-content\/uploads\/2015\/09\/Waermflasche-mit-eigenem-Namen-oder-Text-bedrucken-pic1.png\"},{\"@type\":\"BreadcrumbList\",\"@id\":\"https:\/\/heisserhamster.de\/waermflasche\/waermflasche-mit-eigenem-namen-oder-text-bedrucken\/#breadcrumb\",\"itemListElement\":[{\"@type\":\"ListItem\",\"position\":1,\"name\":\"Startseite\",\"item\":\"https:\/\/heisserhamster.de\/waermflasche\/\"},{\"@type\":\"ListItem\",\"position\":2,\"name\":\"Eine W\u00e4rmflasche mit eigenem Namen oder Text bedrucken\"}]},{\"@type\":\"WebSite\",\"@id\":\"https:\/\/heisserhamster.de\/waermflasche\/#website\",\"url\":\"https:\/\/heisserhamster.de\/waermflasche\/\",\"name\":\"\",\"description\":\"\",\"potentialAction\":[{\"@type\":\"SearchAction\",\"target\":{\"@type\":\"EntryPoint\",\"urlTemplate\":\"https:\/\/heisserhamster.de\/waermflasche\/?s={search_term_string}\"},\"query-input\":{\"@type\":\"PropertyValueSpecification\",\"valueRequired\":true,\"valueName\":\"search_term_string\"}}],\"inLanguage\":\"de\"}]}<\/script>\n<!-- \/ Yoast SEO plugin. -->","yoast_head_json":{"title":"Eine W\u00e4rmflasche mit eigenem Namen oder Text bedrucken","description":"Eine W\u00e4rmflasche mit eigenem Namen oder Text bedrucken ist ab sofort nicht mehr schwer ! Hier kannst Du deine individuelle W\u00e4rmflasche selbst gestalten !","robots":{"index":"index","follow":"follow","max-snippet":"max-snippet:-1","max-image-preview":"max-image-preview:large","max-video-preview":"max-video-preview:-1"},"canonical":"https:\/\/heisserhamster.de\/waermflasche\/waermflasche-mit-eigenem-namen-oder-text-bedrucken\/","og_locale":"de_DE","og_type":"article","og_title":"Eine W\u00e4rmflasche mit eigenem Namen oder Text bedrucken","og_description":"Eine W\u00e4rmflasche mit eigenem Namen oder Text bedrucken ist ab sofort nicht mehr schwer ! Hier kannst Du deine individuelle W\u00e4rmflasche selbst gestalten !","og_url":"https:\/\/heisserhamster.de\/waermflasche\/waermflasche-mit-eigenem-namen-oder-text-bedrucken\/","article_modified_time":"2018-06-23T15:17:45+00:00","og_image":[{"url":"http:\/\/heisserhamster.de\/waermflasche\/wp-content\/uploads\/2015\/09\/Waermflasche-mit-eigenem-Namen-oder-Text-bedrucken-pic1.png","type":"","width":"","height":""}],"twitter_card":"summary_large_image","twitter_misc":{"Gesch\u00e4tzte Lesezeit":"2\u00a0Minuten"},"schema":{"@context":"https:\/\/schema.org","@graph":[{"@type":"WebPage","@id":"https:\/\/heisserhamster.de\/waermflasche\/waermflasche-mit-eigenem-namen-oder-text-bedrucken\/","url":"https:\/\/heisserhamster.de\/waermflasche\/waermflasche-mit-eigenem-namen-oder-text-bedrucken\/","name":"Eine W\u00e4rmflasche mit eigenem Namen oder Text bedrucken","isPartOf":{"@id":"https:\/\/heisserhamster.de\/waermflasche\/#website"},"primaryImageOfPage":{"@id":"https:\/\/heisserhamster.de\/waermflasche\/waermflasche-mit-eigenem-namen-oder-text-bedrucken\/#primaryimage"},"image":{"@id":"https:\/\/heisserhamster.de\/waermflasche\/waermflasche-mit-eigenem-namen-oder-text-bedrucken\/#primaryimage"},"thumbnailUrl":"http:\/\/heisserhamster.de\/waermflasche\/wp-content\/uploads\/2015\/09\/Waermflasche-mit-eigenem-Namen-oder-Text-bedrucken-pic1.png","datePublished":"2017-06-21T14:28:23+00:00","dateModified":"2018-06-23T15:17:45+00:00","description":"Eine W\u00e4rmflasche mit eigenem Namen oder Text bedrucken ist ab sofort nicht mehr schwer ! Hier kannst Du deine individuelle W\u00e4rmflasche selbst gestalten !","breadcrumb":{"@id":"https:\/\/heisserhamster.de\/waermflasche\/waermflasche-mit-eigenem-namen-oder-text-bedrucken\/#breadcrumb"},"inLanguage":"de","potentialAction":[{"@type":"ReadAction","target":["https:\/\/heisserhamster.de\/waermflasche\/waermflasche-mit-eigenem-namen-oder-text-bedrucken\/"]}]},{"@type":"ImageObject","inLanguage":"de","@id":"https:\/\/heisserhamster.de\/waermflasche\/waermflasche-mit-eigenem-namen-oder-text-bedrucken\/#primaryimage","url":"http:\/\/heisserhamster.de\/waermflasche\/wp-content\/uploads\/2015\/09\/Waermflasche-mit-eigenem-Namen-oder-Text-bedrucken-pic1.png","contentUrl":"http:\/\/heisserhamster.de\/waermflasche\/wp-content\/uploads\/2015\/09\/Waermflasche-mit-eigenem-Namen-oder-Text-bedrucken-pic1.png"},{"@type":"BreadcrumbList","@id":"https:\/\/heisserhamster.de\/waermflasche\/waermflasche-mit-eigenem-namen-oder-text-bedrucken\/#breadcrumb","itemListElement":[{"@type":"ListItem","position":1,"name":"Startseite","item":"https:\/\/heisserhamster.de\/waermflasche\/"},{"@type":"ListItem","position":2,"name":"Eine W\u00e4rmflasche mit eigenem Namen oder Text bedrucken"}]},{"@type":"WebSite","@id":"https:\/\/heisserhamster.de\/waermflasche\/#website","url":"https:\/\/heisserhamster.de\/waermflasche\/","name":"","description":"","potentialAction":[{"@type":"SearchAction","target":{"@type":"EntryPoint","urlTemplate":"https:\/\/heisserhamster.de\/waermflasche\/?s={search_term_string}"},"query-input":{"@type":"PropertyValueSpecification","valueRequired":true,"valueName":"search_term_string"}}],"inLanguage":"de"}]}},"_links":{"self":[{"href":"https:\/\/heisserhamster.de\/waermflasche\/wp-json\/wp\/v2\/pages\/18544","targetHints":{"allow":["GET"]}}],"collection":[{"href":"https:\/\/heisserhamster.de\/waermflasche\/wp-json\/wp\/v2\/pages"}],"about":[{"href":"https:\/\/heisserhamster.de\/waermflasche\/wp-json\/wp\/v2\/types\/page"}],"author":[{"embeddable":true,"href":"https:\/\/heisserhamster.de\/waermflasche\/wp-json\/wp\/v2\/users\/2"}],"replies":[{"embeddable":true,"href":"https:\/\/heisserhamster.de\/waermflasche\/wp-json\/wp\/v2\/comments?post=18544"}],"version-history":[{"count":0,"href":"https:\/\/heisserhamster.de\/waermflasche\/wp-json\/wp\/v2\/pages\/18544\/revisions"}],"wp:attachment":[{"href":"https:\/\/heisserhamster.de\/waermflasche\/wp-json\/wp\/v2\/media?parent=18544"}],"curies":[{"name":"wp","href":"https:\/\/api.w.org\/{rel}","templated":true}]}}