{"id":15260,"date":"2017-03-02T13:54:06","date_gmt":"2017-03-02T12:54:06","guid":{"rendered":"http:\/\/heisserhamster.de\/waermflasche\/?page_id=15260"},"modified":"2023-11-16T14:51:42","modified_gmt":"2023-11-16T13:51:42","slug":"bezuege-aus-fleece","status":"publish","type":"page","link":"https:\/\/heisserhamster.de\/waermflasche\/bezuege-aus-fleece\/","title":{"rendered":"Bez\u00fcge aus Fleece"},"content":{"rendered":"<section class=\"wpb-content-wrapper\"><p>[vc_row][vc_column][vc_column_text][spb_text_block animation=&#8221;none&#8221; animation_delay=&#8221;0&#8243; simplified_controls=&#8221;yes&#8221; custom_css_percentage=&#8221;no&#8221; padding_vertical=&#8221;0&#8243; padding_horizontal=&#8221;0&#8243; margin_vertical=&#8221;0&#8243; custom_css=&#8221;margin-top: 0px;margin-bottom: 0px;&#8221; border_size=&#8221;0&#8243; border_styling_global=&#8221;default&#8221; width=&#8221;1\/1&#8243; el_position=&#8221;first last&#8221;]<\/p>\n<div class=\"term-description container\">\n<div class=\"term-description\">\n<h1 style=\"text-align: center;\">100% Kuschelfaktor FLEECE<\/h1>\n<h3 style=\"text-align: center;\">Hier w\u00e4hlst Du einen kuscheligen Fleece Bezug mit einer T\u00dcV gepr\u00fcften Qualit\u00e4ts-W\u00e4rmflasche.<\/h3>\n<h3 style=\"text-align: center;\">Der Begriff Fleece, aus dem Englischen kommend, bedeutet Flausch oder Faserpelz.<\/h3>\n<h5 style=\"text-align: center;\">(Mengenrabatte\u00a0 kannst Du im Warenkorb abfragen)<\/h5>\n<h5><\/h5>\n<h3 style=\"text-align: center;\">Du hast die Wahl \ud83d\ude09<\/h3>\n<\/div>\n<\/div>\n<p>&nbsp;<\/p>\n<p>&nbsp;<\/p>\n<p>[\/spb_text_block] [spb_products asset_type=&#8221;top-rated&#8221; category=&#8221;bezuege-aus-fleece&#8221; display_type=&#8221;standard&#8221; display_layout=&#8221;standard&#8221; multi_masonry=&#8221;no&#8221; carousel=&#8221;no&#8221; fullwidth=&#8221;no&#8221; columns=&#8221;4&#8243; item_count=&#8221;100&#8243; order=&#8221;DESC&#8221; button_enabled=&#8221;no&#8221; width=&#8221;1\/1&#8243; el_position=&#8221;first last&#8221;][\/vc_column_text][\/vc_column][\/vc_row]<\/p>\n<\/section>","protected":false},"excerpt":{"rendered":"<p>[vc_row][vc_column][vc_column_text][spb_text_block animation=&#8221;none&#8221; animation_delay=&#8221;0&#8243; simplified_controls=&#8221;yes&#8221; custom_css_percentage=&#8221;no&#8221; padding_vertical=&#8221;0&#8243; padding_horizontal=&#8221;0&#8243; margin_vertical=&#8221;0&#8243; custom_css=&#8221;margin-top: 0px;margin-bottom: 0px;&#8221; border_size=&#8221;0&#8243; border_styling_global=&#8221;default&#8221; width=&#8221;1\/1&#8243; el_position=&#8221;first last&#8221;] 100% Kuschelfaktor FLEECE Hier w\u00e4hlst Du einen kuscheligen Fleece Bezug mit einer T\u00dcV gepr\u00fcften Qualit\u00e4ts-W\u00e4rmflasche. Der Begriff Fleece, aus dem Englischen kommend, bedeutet Flausch oder Faserpelz. (Mengenrabatte\u00a0 kannst Du im Warenkorb abfragen) Du hast die Wahl \ud83d\ude09 &nbsp; &nbsp; [\/spb_text_block] [spb_products asset_type=&#8221;top-rated&#8221; category=&#8221;bezuege-aus-fleece&#8221; display_type=&#8221;standard&#8221; [&hellip;]<\/p>\n","protected":false},"author":2,"featured_media":0,"parent":0,"menu_order":0,"comment_status":"closed","ping_status":"closed","template":"","meta":{"footnotes":""},"class_list":["post-15260","page","type-page","status-publish","hentry"],"yoast_head":"<!-- This site is optimized with the Yoast SEO plugin v27.0 - https:\/\/yoast.com\/product\/yoast-seo-wordpress\/ -->\n<title>Bez\u00fcge aus Fleece -<\/title>\n<meta name=\"robots\" content=\"index, follow, max-snippet:-1, max-image-preview:large, max-video-preview:-1\" \/>\n<link rel=\"canonical\" href=\"https:\/\/heisserhamster.de\/waermflasche\/bezuege-aus-fleece\/\" \/>\n<meta property=\"og:locale\" content=\"de_DE\" \/>\n<meta property=\"og:type\" content=\"article\" \/>\n<meta property=\"og:title\" content=\"Bez\u00fcge aus Fleece -\" \/>\n<meta property=\"og:description\" content=\"[vc_row][vc_column][vc_column_text][spb_text_block animation=&#8221;none&#8221; animation_delay=&#8221;0&#8243; simplified_controls=&#8221;yes&#8221; custom_css_percentage=&#8221;no&#8221; padding_vertical=&#8221;0&#8243; padding_horizontal=&#8221;0&#8243; margin_vertical=&#8221;0&#8243; custom_css=&#8221;margin-top: 0px;margin-bottom: 0px;&#8221; border_size=&#8221;0&#8243; border_styling_global=&#8221;default&#8221; width=&#8221;1\/1&#8243; el_position=&#8221;first last&#8221;] 100% Kuschelfaktor FLEECE Hier w\u00e4hlst Du einen kuscheligen Fleece Bezug mit einer T\u00dcV gepr\u00fcften Qualit\u00e4ts-W\u00e4rmflasche. Der Begriff Fleece, aus dem Englischen kommend, bedeutet Flausch oder Faserpelz. (Mengenrabatte\u00a0 kannst Du im Warenkorb abfragen) Du hast die Wahl \ud83d\ude09 &nbsp; &nbsp; [\/spb_text_block] [spb_products asset_type=&#8221;top-rated&#8221; category=&#8221;bezuege-aus-fleece&#8221; display_type=&#8221;standard&#8221; [&hellip;]\" \/>\n<meta property=\"og:url\" content=\"https:\/\/heisserhamster.de\/waermflasche\/bezuege-aus-fleece\/\" \/>\n<meta property=\"article:modified_time\" content=\"2023-11-16T13:51:42+00:00\" \/>\n<meta name=\"twitter:card\" content=\"summary_large_image\" \/>\n<meta name=\"twitter:label1\" content=\"Gesch\u00e4tzte Lesezeit\" \/>\n\t<meta name=\"twitter:data1\" content=\"1\u00a0Minute\" \/>\n<script type=\"application\/ld+json\" class=\"yoast-schema-graph\">{\"@context\":\"https:\/\/schema.org\",\"@graph\":[{\"@type\":\"WebPage\",\"@id\":\"https:\/\/heisserhamster.de\/waermflasche\/bezuege-aus-fleece\/\",\"url\":\"https:\/\/heisserhamster.de\/waermflasche\/bezuege-aus-fleece\/\",\"name\":\"Bez\u00fcge aus Fleece -\",\"isPartOf\":{\"@id\":\"https:\/\/heisserhamster.de\/waermflasche\/#website\"},\"datePublished\":\"2017-03-02T12:54:06+00:00\",\"dateModified\":\"2023-11-16T13:51:42+00:00\",\"breadcrumb\":{\"@id\":\"https:\/\/heisserhamster.de\/waermflasche\/bezuege-aus-fleece\/#breadcrumb\"},\"inLanguage\":\"de\",\"potentialAction\":[{\"@type\":\"ReadAction\",\"target\":[\"https:\/\/heisserhamster.de\/waermflasche\/bezuege-aus-fleece\/\"]}]},{\"@type\":\"BreadcrumbList\",\"@id\":\"https:\/\/heisserhamster.de\/waermflasche\/bezuege-aus-fleece\/#breadcrumb\",\"itemListElement\":[{\"@type\":\"ListItem\",\"position\":1,\"name\":\"Startseite\",\"item\":\"https:\/\/heisserhamster.de\/waermflasche\/\"},{\"@type\":\"ListItem\",\"position\":2,\"name\":\"Bez\u00fcge aus Fleece\"}]},{\"@type\":\"WebSite\",\"@id\":\"https:\/\/heisserhamster.de\/waermflasche\/#website\",\"url\":\"https:\/\/heisserhamster.de\/waermflasche\/\",\"name\":\"\",\"description\":\"\",\"potentialAction\":[{\"@type\":\"SearchAction\",\"target\":{\"@type\":\"EntryPoint\",\"urlTemplate\":\"https:\/\/heisserhamster.de\/waermflasche\/?s={search_term_string}\"},\"query-input\":{\"@type\":\"PropertyValueSpecification\",\"valueRequired\":true,\"valueName\":\"search_term_string\"}}],\"inLanguage\":\"de\"}]}<\/script>\n<!-- \/ Yoast SEO plugin. -->","yoast_head_json":{"title":"Bez\u00fcge aus Fleece -","robots":{"index":"index","follow":"follow","max-snippet":"max-snippet:-1","max-image-preview":"max-image-preview:large","max-video-preview":"max-video-preview:-1"},"canonical":"https:\/\/heisserhamster.de\/waermflasche\/bezuege-aus-fleece\/","og_locale":"de_DE","og_type":"article","og_title":"Bez\u00fcge aus Fleece -","og_description":"[vc_row][vc_column][vc_column_text][spb_text_block animation=&#8221;none&#8221; animation_delay=&#8221;0&#8243; simplified_controls=&#8221;yes&#8221; custom_css_percentage=&#8221;no&#8221; padding_vertical=&#8221;0&#8243; padding_horizontal=&#8221;0&#8243; margin_vertical=&#8221;0&#8243; custom_css=&#8221;margin-top: 0px;margin-bottom: 0px;&#8221; border_size=&#8221;0&#8243; border_styling_global=&#8221;default&#8221; width=&#8221;1\/1&#8243; el_position=&#8221;first last&#8221;] 100% Kuschelfaktor FLEECE Hier w\u00e4hlst Du einen kuscheligen Fleece Bezug mit einer T\u00dcV gepr\u00fcften Qualit\u00e4ts-W\u00e4rmflasche. Der Begriff Fleece, aus dem Englischen kommend, bedeutet Flausch oder Faserpelz. (Mengenrabatte\u00a0 kannst Du im Warenkorb abfragen) Du hast die Wahl \ud83d\ude09 &nbsp; &nbsp; [\/spb_text_block] [spb_products asset_type=&#8221;top-rated&#8221; category=&#8221;bezuege-aus-fleece&#8221; display_type=&#8221;standard&#8221; [&hellip;]","og_url":"https:\/\/heisserhamster.de\/waermflasche\/bezuege-aus-fleece\/","article_modified_time":"2023-11-16T13:51:42+00:00","twitter_card":"summary_large_image","twitter_misc":{"Gesch\u00e4tzte Lesezeit":"1\u00a0Minute"},"schema":{"@context":"https:\/\/schema.org","@graph":[{"@type":"WebPage","@id":"https:\/\/heisserhamster.de\/waermflasche\/bezuege-aus-fleece\/","url":"https:\/\/heisserhamster.de\/waermflasche\/bezuege-aus-fleece\/","name":"Bez\u00fcge aus Fleece -","isPartOf":{"@id":"https:\/\/heisserhamster.de\/waermflasche\/#website"},"datePublished":"2017-03-02T12:54:06+00:00","dateModified":"2023-11-16T13:51:42+00:00","breadcrumb":{"@id":"https:\/\/heisserhamster.de\/waermflasche\/bezuege-aus-fleece\/#breadcrumb"},"inLanguage":"de","potentialAction":[{"@type":"ReadAction","target":["https:\/\/heisserhamster.de\/waermflasche\/bezuege-aus-fleece\/"]}]},{"@type":"BreadcrumbList","@id":"https:\/\/heisserhamster.de\/waermflasche\/bezuege-aus-fleece\/#breadcrumb","itemListElement":[{"@type":"ListItem","position":1,"name":"Startseite","item":"https:\/\/heisserhamster.de\/waermflasche\/"},{"@type":"ListItem","position":2,"name":"Bez\u00fcge aus Fleece"}]},{"@type":"WebSite","@id":"https:\/\/heisserhamster.de\/waermflasche\/#website","url":"https:\/\/heisserhamster.de\/waermflasche\/","name":"","description":"","potentialAction":[{"@type":"SearchAction","target":{"@type":"EntryPoint","urlTemplate":"https:\/\/heisserhamster.de\/waermflasche\/?s={search_term_string}"},"query-input":{"@type":"PropertyValueSpecification","valueRequired":true,"valueName":"search_term_string"}}],"inLanguage":"de"}]}},"_links":{"self":[{"href":"https:\/\/heisserhamster.de\/waermflasche\/wp-json\/wp\/v2\/pages\/15260","targetHints":{"allow":["GET"]}}],"collection":[{"href":"https:\/\/heisserhamster.de\/waermflasche\/wp-json\/wp\/v2\/pages"}],"about":[{"href":"https:\/\/heisserhamster.de\/waermflasche\/wp-json\/wp\/v2\/types\/page"}],"author":[{"embeddable":true,"href":"https:\/\/heisserhamster.de\/waermflasche\/wp-json\/wp\/v2\/users\/2"}],"replies":[{"embeddable":true,"href":"https:\/\/heisserhamster.de\/waermflasche\/wp-json\/wp\/v2\/comments?post=15260"}],"version-history":[{"count":0,"href":"https:\/\/heisserhamster.de\/waermflasche\/wp-json\/wp\/v2\/pages\/15260\/revisions"}],"wp:attachment":[{"href":"https:\/\/heisserhamster.de\/waermflasche\/wp-json\/wp\/v2\/media?parent=15260"}],"curies":[{"name":"wp","href":"https:\/\/api.w.org\/{rel}","templated":true}]}}